{"id":91,"date":"2022-07-20T14:28:36","date_gmt":"2022-07-20T14:28:36","guid":{"rendered":"http:\/\/cartonagemipiranga.com.br\/?page_id=91"},"modified":"2022-07-20T15:52:03","modified_gmt":"2022-07-20T15:52:03","slug":"historia","status":"publish","type":"page","link":"https:\/\/cartonagemipiranga.com.br\/?page_id=91","title":{"rendered":"HIST\u00d3RIA"},"content":{"rendered":"\n<p>Iniciamos nossas atividades h\u00e1 mais de 35 anos com a Empresa Cartonagem Ipiranga, que come\u00e7ou suas atividades produzindo tabuleiros para enrolar tecido e consequentemente no setor de coleta de res\u00edduos t\u00eaxteis e recicl\u00e1veis.<\/p>\n\n\n\n<p><\/p>\n\n\n\n<figure class=\"wp-block-image size-large is-resized\"><img loading=\"lazy\" src=\"http:\/\/cartonagemipiranga.com.br\/wp-content\/uploads\/2022\/07\/Cartonagem-Ipiranga2-Large-1024x768.jpeg\" alt=\"\" class=\"wp-image-115\" width=\"517\" height=\"387\" srcset=\"https:\/\/cartonagemipiranga.com.br\/wp-content\/uploads\/2022\/07\/Cartonagem-Ipiranga2-Large-1024x768.jpeg 1024w, https:\/\/cartonagemipiranga.com.br\/wp-content\/uploads\/2022\/07\/Cartonagem-Ipiranga2-Large-300x225.jpeg 300w, https:\/\/cartonagemipiranga.com.br\/wp-content\/uploads\/2022\/07\/Cartonagem-Ipiranga2-Large-768x576.jpeg 768w, https:\/\/cartonagemipiranga.com.br\/wp-content\/uploads\/2022\/07\/Cartonagem-Ipiranga2-Large.jpeg 1280w\" sizes=\"(max-width: 517px) 100vw, 517px\" \/><figcaption>Inicio da Cartonagem Ipiranga no Distrito Industrial em 1995<\/figcaption><\/figure>\n\n\n\n<figure class=\"wp-block-image size-large is-resized\"><img loading=\"lazy\" src=\"http:\/\/cartonagemipiranga.com.br\/wp-content\/uploads\/2022\/07\/Cartonagem-Ipiranga3-Large-1024x768.jpeg\" alt=\"\" class=\"wp-image-116\" width=\"519\" height=\"389\" srcset=\"https:\/\/cartonagemipiranga.com.br\/wp-content\/uploads\/2022\/07\/Cartonagem-Ipiranga3-Large-1024x768.jpeg 1024w, https:\/\/cartonagemipiranga.com.br\/wp-content\/uploads\/2022\/07\/Cartonagem-Ipiranga3-Large-300x225.jpeg 300w, https:\/\/cartonagemipiranga.com.br\/wp-content\/uploads\/2022\/07\/Cartonagem-Ipiranga3-Large-768x576.jpeg 768w, https:\/\/cartonagemipiranga.com.br\/wp-content\/uploads\/2022\/07\/Cartonagem-Ipiranga3-Large.jpeg 1280w\" sizes=\"(max-width: 519px) 100vw, 519px\" \/><figcaption>Estrutura em 2002<\/figcaption><\/figure>\n\n\n\n<figure class=\"wp-block-image size-large is-resized\"><img loading=\"lazy\" src=\"http:\/\/cartonagemipiranga.com.br\/wp-content\/uploads\/2022\/07\/WhatsApp-Image-2021-01-14-at-10.33.08-1024x682.jpeg\" alt=\"\" class=\"wp-image-129\" width=\"536\" height=\"356\" srcset=\"https:\/\/cartonagemipiranga.com.br\/wp-content\/uploads\/2022\/07\/WhatsApp-Image-2021-01-14-at-10.33.08-1024x682.jpeg 1024w, https:\/\/cartonagemipiranga.com.br\/wp-content\/uploads\/2022\/07\/WhatsApp-Image-2021-01-14-at-10.33.08-300x200.jpeg 300w, https:\/\/cartonagemipiranga.com.br\/wp-content\/uploads\/2022\/07\/WhatsApp-Image-2021-01-14-at-10.33.08-768x512.jpeg 768w, https:\/\/cartonagemipiranga.com.br\/wp-content\/uploads\/2022\/07\/WhatsApp-Image-2021-01-14-at-10.33.08.jpeg 1280w\" sizes=\"(max-width: 536px) 100vw, 536px\" \/><\/figure>\n\n\n\n<figure class=\"wp-block-image size-large is-resized\"><img loading=\"lazy\" src=\"http:\/\/cartonagemipiranga.com.br\/wp-content\/uploads\/2022\/07\/Cartonagem-Ipiranga1-1-1024x576.jpg\" alt=\"\" class=\"wp-image-114\" width=\"521\" height=\"293\" srcset=\"https:\/\/cartonagemipiranga.com.br\/wp-content\/uploads\/2022\/07\/Cartonagem-Ipiranga1-1-1024x576.jpg 1024w, https:\/\/cartonagemipiranga.com.br\/wp-content\/uploads\/2022\/07\/Cartonagem-Ipiranga1-1-300x169.jpg 300w, https:\/\/cartonagemipiranga.com.br\/wp-content\/uploads\/2022\/07\/Cartonagem-Ipiranga1-1-768x432.jpg 768w, https:\/\/cartonagemipiranga.com.br\/wp-content\/uploads\/2022\/07\/Cartonagem-Ipiranga1-1.jpg 1280w\" sizes=\"(max-width: 521px) 100vw, 521px\" \/><figcaption>Estrutura em 2021<\/figcaption><\/figure>\n\n\n\n<figure class=\"wp-block-image size-large is-resized\"><img loading=\"lazy\" src=\"http:\/\/cartonagemipiranga.com.br\/wp-content\/uploads\/2022\/07\/IMG_1840-Large-1024x768.jpeg\" alt=\"\" class=\"wp-image-118\" width=\"525\" height=\"393\" srcset=\"https:\/\/cartonagemipiranga.com.br\/wp-content\/uploads\/2022\/07\/IMG_1840-Large-1024x768.jpeg 1024w, https:\/\/cartonagemipiranga.com.br\/wp-content\/uploads\/2022\/07\/IMG_1840-Large-300x225.jpeg 300w, https:\/\/cartonagemipiranga.com.br\/wp-content\/uploads\/2022\/07\/IMG_1840-Large-768x576.jpeg 768w, https:\/\/cartonagemipiranga.com.br\/wp-content\/uploads\/2022\/07\/IMG_1840-Large.jpeg 1280w\" sizes=\"(max-width: 525px) 100vw, 525px\" \/><figcaption>Familia Norbiato<\/figcaption><\/figure>\n\n\n\n<figure class=\"wp-block-image size-large is-resized\"><img loading=\"lazy\" src=\"http:\/\/cartonagemipiranga.com.br\/wp-content\/uploads\/2022\/07\/MG_9354-Large-1024x682.jpeg\" alt=\"\" class=\"wp-image-130\" width=\"543\" height=\"361\" srcset=\"https:\/\/cartonagemipiranga.com.br\/wp-content\/uploads\/2022\/07\/MG_9354-Large-1024x682.jpeg 1024w, https:\/\/cartonagemipiranga.com.br\/wp-content\/uploads\/2022\/07\/MG_9354-Large-300x200.jpeg 300w, https:\/\/cartonagemipiranga.com.br\/wp-content\/uploads\/2022\/07\/MG_9354-Large-768x512.jpeg 768w, https:\/\/cartonagemipiranga.com.br\/wp-content\/uploads\/2022\/07\/MG_9354-Large.jpeg 1280w\" sizes=\"(max-width: 543px) 100vw, 543px\" \/><figcaption>Familia Norbiato<\/figcaption><\/figure>\n","protected":false},"excerpt":{"rendered":"<p>Iniciamos nossas atividades h\u00e1 mais de 35 anos com a Empresa Cartonagem Ipiranga, que come\u00e7ou suas atividades produzindo tabuleiros para enrolar tecido e consequentemente no setor de coleta de res\u00edduos t\u00eaxteis e recicl\u00e1veis.<\/p>\n","protected":false},"author":1,"featured_media":0,"parent":0,"menu_order":0,"comment_status":"closed","ping_status":"closed","template":"","meta":[],"_links":{"self":[{"href":"https:\/\/cartonagemipiranga.com.br\/index.php?rest_route=\/wp\/v2\/pages\/91"}],"collection":[{"href":"https:\/\/cartonagemipiranga.com.br\/index.php?rest_route=\/wp\/v2\/pages"}],"about":[{"href":"https:\/\/cartonagemipiranga.com.br\/index.php?rest_route=\/wp\/v2\/types\/page"}],"author":[{"embeddable":true,"href":"https:\/\/cartonagemipiranga.com.br\/index.php?rest_route=\/wp\/v2\/users\/1"}],"replies":[{"embeddable":true,"href":"https:\/\/cartonagemipiranga.com.br\/index.php?rest_route=%2Fwp%2Fv2%2Fcomments&post=91"}],"version-history":[{"count":5,"href":"https:\/\/cartonagemipiranga.com.br\/index.php?rest_route=\/wp\/v2\/pages\/91\/revisions"}],"predecessor-version":[{"id":131,"href":"https:\/\/cartonagemipiranga.com.br\/index.php?rest_route=\/wp\/v2\/pages\/91\/revisions\/131"}],"wp:attachment":[{"href":"https:\/\/cartonagemipiranga.com.br\/index.php?rest_route=%2Fwp%2Fv2%2Fmedia&parent=91"}],"curies":[{"name":"wp","href":"https:\/\/api.w.org\/{rel}","templated":true}]}}